{"id":198,"date":"2018-05-16T13:04:04","date_gmt":"2018-05-16T13:04:04","guid":{"rendered":"http:\/\/localhost\/wordpress_tienda\/?post_type=product&#038;p=198"},"modified":"2021-05-20T09:14:03","modified_gmt":"2021-05-20T09:14:03","slug":"infisport-beta-alanina-150-capsulas","status":"publish","type":"product","link":"https:\/\/nuevo.livenutrition.es\/?product=infisport-beta-alanina-150-capsulas","title":{"rendered":"BETA ALANINA 150 C\u00e1psulas"},"content":{"rendered":"<p style=\"text-align: justify;\"><strong>BETA ALANINA <span style=\"color: #ff6600;\">INFISPORT<\/span><\/strong><\/p>\n<p style=\"text-align: justify;\"><strong>Beta alanina (pureza &gt;98% ) y vitamina B6<\/strong><\/p>\n<p style=\"text-align: justify;\">Con la pr\u00e1ctica f\u00edsica intensa, nuestro organismo necesita m\u00e1s energ\u00eda. Para conseguir esta energ\u00eda, el cuerpo aumenta la velocidad del metabolismo, esto es, la cantidad de reacciones bioqu\u00edmicas que se producen en nuestras c\u00e9lulas. Como consecuencia, se produce una concentraci\u00f3n mayor de productos que provocan la acidez de las c\u00e9lulas, llamada tambi\u00e9n\u00a0acidez metab\u00f3lica.<\/p>\n<p style=\"text-align: justify;\">Para conseguir esta energ\u00eda extra, las c\u00e9lulas de nuestro cuerpo tambi\u00e9n necesitan del llamado\u00a0metabolismo anaer\u00f3bico, produciendo una gran cantidad de energ\u00eda, pero que produce tambi\u00e9n \u00e1cido l\u00e1ctico en grandes cantidades, responsable tambi\u00e9n de esta\u00a0acidez metab\u00f3lica.<\/p>\n<p style=\"text-align: justify;\">Resumiendo, la actividad f\u00edsica intensa crea una importante acidez celular y \u00e9sta resulta un factor que limita el rendimiento deportivo, pues con dichas condiciones de acidez, las c\u00e9lulas del m\u00fasculo no consiguen fabricar toda la energ\u00eda que nuestro cuerpo necesita.<\/p>\n<p style=\"text-align: justify;\">La actuaci\u00f3n de la Beta Alanina consiste en aumentar los dep\u00f3sitos de anserina y carnosina en el tejido de los m\u00fasculos y son \u00e9stas, las que con actividades f\u00edsicas de alta intensidad, neutralizan la acidez de la fibra de los m\u00fasculos. Por \u00faltimo, la presencia de la vitamina B6 favorece el correcto metabolismo de las prote\u00ednas y el gluc\u00f3geno.<\/p>\n","protected":false},"excerpt":{"rendered":"<table>\n<tbody>\n<tr style=\"height: 48px;\">\n<th style=\"height: 48px;\"><span style=\"color: #000000;\">\u00bfPARA QU\u00c9 SE TOMA?<\/span><\/th>\n<th style=\"height: 48px;\"><span style=\"color: #000000;\">\u00bfC\u00d3MO SE TOMA?<\/span><\/th>\n<th style=\"height: 48px;\"><span style=\"color: #000000;\">\u00bfCU\u00c1NTAS VECES?<\/span><\/th>\n<th style=\"height: 48px;\"><span style=\"color: #000000;\">\u00bfCU\u00c1NDO SE \u00a0TOMA?<\/span><\/th>\n<th style=\"height: 48px;\"><span style=\"color: #000000;\">USO<\/span><\/th>\n<\/tr>\n<tr style=\"height: 48px;\">\n<td style=\"text-align: center; height: 48px;\">Mejorar la resistencia y el rendimiento f\u00edsico<\/td>\n<td style=\"text-align: center; height: 48px;\">2 c\u00e1psulas con un vaso de agua<\/td>\n<td style=\"text-align: center; height: 48px;\">Tomar cuatro veces al d\u00eda<\/td>\n<td style=\"text-align: center; height: 48px;\">Preferentemente junto a las comidas<\/td>\n<td style=\"text-align: center; height: 48px;\">Aumento del rendimiento<\/td>\n<\/tr>\n<\/tbody>\n<\/table>\n<p>&nbsp;<\/p>\n<p style=\"text-align: justify;\"><b>Beta Alanina<\/b><\/p>\n<p style=\"text-align: justify;\">La <strong>Beta Alanina<\/strong> de<strong> Infisport <\/strong>es un complemento alimenticio a base de beta alanina (&gt;98% de pureza) y vitamina B6.<\/p>\n","protected":false},"featured_media":202,"comment_status":"open","ping_status":"closed","template":"","meta":[],"class_list":{"0":"post-198","1":"product","2":"type-product","3":"status-publish","4":"has-post-thumbnail","6":"product_cat-aminoacidos-endurance","7":"product_cat-beta-alanina","8":"product_cat-endurance","9":"product_tag-infisport","11":"entry","12":"has-media","14":"first","15":"instock","16":"sale","17":"shipping-taxable","18":"purchasable","19":"product-type-simple","20":"has-product-nav","21":"col","22":"span_1_of_3","23":"owp-content-center","24":"owp-thumbs-layout-horizontal","25":"owp-btn-normal","26":"owp-tabs-layout-horizontal","27":"has-no-thumbnails"},"_links":{"self":[{"href":"https:\/\/nuevo.livenutrition.es\/index.php?rest_route=\/wp\/v2\/product\/198","targetHints":{"allow":["GET"]}}],"collection":[{"href":"https:\/\/nuevo.livenutrition.es\/index.php?rest_route=\/wp\/v2\/product"}],"about":[{"href":"https:\/\/nuevo.livenutrition.es\/index.php?rest_route=\/wp\/v2\/types\/product"}],"replies":[{"embeddable":true,"href":"https:\/\/nuevo.livenutrition.es\/index.php?rest_route=%2Fwp%2Fv2%2Fcomments&post=198"}],"wp:featuredmedia":[{"embeddable":true,"href":"https:\/\/nuevo.livenutrition.es\/index.php?rest_route=\/wp\/v2\/media\/202"}],"wp:attachment":[{"href":"https:\/\/nuevo.livenutrition.es\/index.php?rest_route=%2Fwp%2Fv2%2Fmedia&parent=198"}],"curies":[{"name":"wp","href":"https:\/\/api.w.org\/{rel}","templated":true}]}}