{"id":189,"date":"2021-01-07T13:43:05","date_gmt":"2021-01-07T13:43:05","guid":{"rendered":"http:\/\/localhost\/wordpress_tienda\/?post_type=product&#038;p=189"},"modified":"2021-05-20T09:13:48","modified_gmt":"2021-05-20T09:13:48","slug":"nutrinovex-360-longovit-12-x-60-gr-sandia","status":"publish","type":"product","link":"https:\/\/nuevo.livenutrition.es\/?product=nutrinovex-360-longovit-12-x-60-gr-sandia","title":{"rendered":"360\u00ba LONGOVIT 12 x 60 gr. SAND\u00cdA"},"content":{"rendered":"<p style=\"text-align: justify;\"><span style=\"color: #000000;\"><strong>360\u00ba LONGOVIT <span style=\"color: #000080;\">NUTRINOVEX\u00ae<\/span><\/strong><\/span><\/p>\n<p style=\"text-align: justify;\"><span style=\"color: #000000;\"><strong>360\u00ba Longovit es un complemento alimenticio a base de hidratos de carbono, \u00a0minerales, amino\u00e1cidos, magnesio, vitamina B1<\/strong><\/span><\/p>\n<p style=\"text-align: justify;\"><span style=\"color: #000000;\">En <strong>360\u00ba Longovit<\/strong> de <span style=\"color: #000080;\"><strong>Nutrinovex\u00ae<\/strong><\/span> encontrar\u00e1s una bebida isot\u00f3nica y energ\u00e9tica en el mismo producto, elaborada a base de carbohidratos, magnesio, amino\u00e1cidos, vitamina B1 y minerales que resulta ideal para esfuerzos de larga duraci\u00f3n.<\/span><\/p>\n<p style=\"text-align: justify;\"><span style=\"color: #000000;\">Adem\u00e1s, esta energ\u00eda ser\u00e1 progresiva y sostenida en el tiempo, ya que <strong>360\u00ba Longovit<\/strong> se presenta con cuatro tipos de carbohidratos con absorci\u00f3n diferente. Contiene ciclodextrina (Cluster Dextrin\u00ae), un hidrato de carbono de \u00faltima generaci\u00f3n que presenta una eficacia elevada para la reposici\u00f3n de gluc\u00f3geno y para favorecer una excelente recuperaci\u00f3n.<\/span><\/p>\n<p style=\"text-align: justify;\"><span style=\"color: #000000;\"><strong>360\u00ba Longovit <\/strong>est\u00e1 orientado a todos aquellos deportistas que necesitan un aporte energ\u00e9tico sostenido en el tiempo. Su f\u00f3rmula destaca por contener 17,64 gr. de Isomaltulosa por bid\u00f3n de 500 ml.<\/span><\/p>\n<p style=\"text-align: justify;\"><span style=\"color: #000000;\">El potasio contribuye al funcionamiento normal del sistema nervioso y al funcionamiento normal de los m\u00fasculos.<\/span><\/p>\n<p style=\"text-align: justify;\"><span style=\"color: #000000;\">El calcio contribuye al funcionamiento energ\u00e9tico normal y al funcionamiento normal de los m\u00fasculos.<\/span><\/p>\n<p style=\"text-align: justify;\"><span style=\"color: #000000;\">El magnesio ayuda a disminuir el cansancio y la fatiga. El magnesio contribuye al funcionamiento normal de los m\u00fasculos, al equilibrio electrol\u00edtico y al metabolismo energ\u00e9tico normal.<\/span><\/p>\n<p style=\"text-align: justify;\"><span style=\"color: #000000;\">La tiamina contribuye al metabolismo energ\u00e9tico normal, al funcionamiento normal del sistema nervioso, a la funci\u00f3n psicol\u00f3gica normal y al funcionamiento normal del coraz\u00f3n.<\/span><\/p>\n<p style=\"text-align: justify;\"><span style=\"color: #000000;\">Por \u00faltimo, contiene once tipos de minerales entre los que cabe destacar los 480 mgr. de sodio, 300 mgr. de potasio, 180 mgr. de calcio y 84,38 mgr. de magnesio.<\/span><\/p>\n<ul style=\"text-align: justify;\">\n<li><span style=\"color: #000000;\">Bebida energ\u00e9tica e isot\u00f3nica (2 en 1)<\/span><\/li>\n<li><span style=\"color: #000000;\">4 tipos de carbohidratos con diferentes tiempos de absorci\u00f3n, para un aporte de energ\u00eda de forma progresiva<\/span><\/li>\n<li><span style=\"color: #000000;\">11 tipos de minerales, para reponer los electrolitos perdidos.<\/span><\/li>\n<li><span style=\"color: #000000;\">BCAA\u2019s ratio 8.1.1 (L-Leucina, L-Isoleucina y L-Valina), ideales para aportar energ\u00eda y recuperar<\/span><\/li>\n<li><span style=\"color: #000000;\">480 mgr. de Glutamina, para proteger y reparar el tejido muscular<\/span><\/li>\n<li><span style=\"color: #000000;\">Con vitamina B1. Esta vitamina se agota f\u00e1cilmente, por lo que su presencia en este producto contribuye a evitar la debilidad, la fatiga o la taquicardia tras la pr\u00e1ctica de ejercicio<\/span><\/li>\n<li><span style=\"color: #000000;\">Libre de gluten<\/span><\/li>\n<li><span style=\"color: #000000;\">Fabricado en la Uni\u00f3n Europea<\/span><\/li>\n<li><span style=\"color: #000000;\">Sabor Sand\u00eda<\/span><\/li>\n<\/ul>\n<p style=\"text-align: justify;\"><span style=\"color: #000080;\"><strong>Nutrinovex\u00ae<\/strong><\/span>\u00a0te presenta <strong>360\u00ba Longovit<\/strong> en cajitas expositoras que contiene 12 monodosis de 60 gramos.<\/p>\n","protected":false},"excerpt":{"rendered":"<table>\n<tbody>\n<tr style=\"height: 48px;\">\n<th style=\"height: 48px;\"><span style=\"color: #000000;\"><strong>\u00bfPARA QU\u00c9 SE TOMA?<\/strong><\/span><\/th>\n<th style=\"height: 48px;\"><span style=\"color: #000000;\"><strong>\u00bfC\u00d3MO SE TOMA?<\/strong><\/span><\/th>\n<th style=\"height: 48px;\"><span style=\"color: #000000;\"><strong>\u00bfCU\u00c1NTAS VECES?<\/strong><\/span><\/th>\n<th style=\"height: 48px;\"><span style=\"color: #000000;\"><strong>\u00bfCU\u00c1NDO SE \u00a0TOMA?<\/strong><\/span><\/th>\n<th style=\"height: 48px;\"><span style=\"color: #000000;\"><strong>USO<\/strong><\/span><\/th>\n<\/tr>\n<tr style=\"height: 48px;\">\n<td style=\"text-align: center; height: 48px;\"><span style=\"color: #000000;\">Aporte de energ\u00eda de forma progresiva, repara y protege el tejido muscular. Hidrataci\u00f3n y recuperaci\u00f3n<\/span><\/td>\n<td style=\"text-align: center; height: 48px;\"><span style=\"color: #000000;\">60 gr. (una monodosis) mezclar con agua u otro l\u00edquido en aproximadamente 500 ml. y agitar<\/span><\/td>\n<td style=\"text-align: center; height: 48px;\"><span style=\"color: #000000;\">Tomar una vez al d\u00eda<\/span><\/td>\n<td style=\"text-align: center; height: 48px;\"><span style=\"color: #000000;\">Durante la actividad f\u00edsica<\/span><\/td>\n<td style=\"text-align: center; height: 48px;\"><span style=\"color: #000000;\">Aumento del rendimiento. Energ\u00eda, hidrataci\u00f3n y recuperaci\u00f3n<\/span><\/td>\n<\/tr>\n<\/tbody>\n<\/table>\n<p>&nbsp;<\/p>\n<p style=\"text-align: justify;\"><span style=\"color: #000000;\"><strong>Bebida energ\u00e9tica e\u00a0isot\u00f3nica<\/strong><\/span><\/p>\n<p style=\"text-align: justify;\"><span style=\"color: #000000;\"><strong>360\u00ba Longovit<\/strong> de <span style=\"color: #000080;\"><strong>Nutrinovex\u00ae<\/strong><\/span> es un complemento alimenticio a base de hidratos de carbono, amino\u00e1cidos, magnesio, vitamina B1 y minerales.<\/span><\/p>\n","protected":false},"featured_media":193,"comment_status":"open","ping_status":"closed","template":"","meta":[],"class_list":{"0":"post-189","1":"product","2":"type-product","3":"status-publish","4":"has-post-thumbnail","6":"product_cat-bebida-energetica","7":"product_cat-bebida-isotonica","8":"product_cat-endurance","9":"product_cat-energia","10":"product_cat-hidratacion","11":"product_tag-nutrinovex","13":"entry","14":"has-media","16":"first","17":"instock","18":"sale","19":"shipping-taxable","20":"purchasable","21":"product-type-simple","22":"has-product-nav","23":"col","24":"span_1_of_3","25":"owp-content-center","26":"owp-thumbs-layout-horizontal","27":"owp-btn-normal","28":"owp-tabs-layout-horizontal","29":"has-no-thumbnails"},"_links":{"self":[{"href":"https:\/\/nuevo.livenutrition.es\/index.php?rest_route=\/wp\/v2\/product\/189","targetHints":{"allow":["GET"]}}],"collection":[{"href":"https:\/\/nuevo.livenutrition.es\/index.php?rest_route=\/wp\/v2\/product"}],"about":[{"href":"https:\/\/nuevo.livenutrition.es\/index.php?rest_route=\/wp\/v2\/types\/product"}],"replies":[{"embeddable":true,"href":"https:\/\/nuevo.livenutrition.es\/index.php?rest_route=%2Fwp%2Fv2%2Fcomments&post=189"}],"wp:featuredmedia":[{"embeddable":true,"href":"https:\/\/nuevo.livenutrition.es\/index.php?rest_route=\/wp\/v2\/media\/193"}],"wp:attachment":[{"href":"https:\/\/nuevo.livenutrition.es\/index.php?rest_route=%2Fwp%2Fv2%2Fmedia&parent=189"}],"curies":[{"name":"wp","href":"https:\/\/api.w.org\/{rel}","templated":true}]}}