{"id":109,"date":"2016-12-23T16:08:08","date_gmt":"2016-12-23T16:08:08","guid":{"rendered":"http:\/\/localhost\/wordpress_tienda\/?post_type=product&#038;p=109"},"modified":"2021-05-20T09:10:56","modified_gmt":"2021-05-20T09:10:56","slug":"infisport-vitaldrink-800-gr","status":"publish","type":"product","link":"https:\/\/nuevo.livenutrition.es\/?product=infisport-vitaldrink-800-gr","title":{"rendered":"VITALDRINK\u00ae 800 gr."},"content":{"rendered":"<p style=\"text-align: justify;\"><strong><span style=\"color: #000000;\">VITALDRINK\u00ae 800 gr.<\/span> <span style=\"color: #ff6600;\">INFISPORT<\/span><\/strong><\/p>\n<p style=\"text-align: justify;\"><span style=\"color: #000000;\"><strong>Bebida energ\u00e9tica de alta asimilaci\u00f3n. Sin gluten, con antioxidantes<\/strong><\/span><\/p>\n<p style=\"text-align: justify;\">En <span style=\"color: #000000;\"><strong>Vitaldrink\u00ae <\/strong><\/span>encontrar\u00e1s una f\u00f3rmula \u00fanica de hidratos de carbono con diferentes longitudes de cadena pensados para aportar energ\u00eda instant\u00e1neamente y de forma sostenida durante la actividad f\u00edsica, y que repondr\u00e1 las sales minerales que se pierden a trav\u00e9s de la sudoraci\u00f3n.<\/p>\n<p style=\"text-align: justify;\">Gracias a los diferentes tipos de hidratos de carbono, se consigue una alta cantidad de energ\u00eda, aunque se trate de una\u00a0bebida ligeramente hipot\u00f3nica una vez reconstituida (280 mOsm\/kgr.). Este tipo de bebidas son de r\u00e1pida absorci\u00f3n, incluso en situaciones donde se producen esfuerzos m\u00e1ximos.<\/p>\n<p style=\"text-align: justify;\">Caracter\u00edsticas t\u00e9cnicas:<\/p>\n<p style=\"text-align: justify;\">En\u00a0<span style=\"color: #000000;\"><strong>Vitaldrink\u00ae<\/strong><\/span>\u00a0encontrar\u00e1s\u00a0electrolitos (sodio, cloruro, magnesio, potasio),\u00a0citrato,\u00a0vitaminas, zinc y\u00a0\u00e1cido c\u00edtrico, que una vez en agua, te ayudar\u00e1n a:<\/p>\n<ul style=\"text-align: justify;\">\n<li>Tener un metabolismo energ\u00e9tico normal gracias al magnesio y a las vitaminas C, B1, B2 y B6.<\/li>\n<li>Mantener el balance \u00e1cido-base, la resistencia en esfuerzos f\u00edsicos que requieren una resistencia prolongada, as\u00ed como una mejor absorci\u00f3n de agua.<\/li>\n<li>Mantener un correcto funcionamiento de los m\u00fasculos, gracias al magnesio, as\u00ed como un correcto funcionamiento del coraz\u00f3n, gracias a la vitamina B1.<\/li>\n<li>Proteger las c\u00e9lulas del da\u00f1o oxidativo, gracias al zinc y a las vitaminas C, E y B2 y el zinc contribuyen.<\/li>\n<\/ul>\n<p style=\"text-align: justify;\">Por otro lado, el organismo tambi\u00e9n utiliza el citrato y el \u00e1cido c\u00edtrico para luchar contra la acidosis metab\u00f3lica.<\/p>\n<p style=\"text-align: justify;\">Por \u00faltimo, no debemos olvidar que la orina, durante la actividad f\u00edsica, sufre una gran concentraci\u00f3n, aumentando as\u00ed el riesgo de nefrolitiasis. El citrato y magnesio presentes en <span style=\"color: #000000;\"><strong>Vitaldrink\u00ae<\/strong><\/span> de <span style=\"color: #ff6600;\"><strong>Infisport<\/strong><\/span> mantienen la solubilidad de la orina y se encargan de impedir, por tanto, que se formen los conocidos c\u00e1lculos renales (nefrolitiasis)<\/p>\n","protected":false},"excerpt":{"rendered":"<table>\n<tbody>\n<tr>\n<th><span style=\"color: #000000;\">\u00bfPARA QU\u00c9 SE TOMA?<\/span><\/th>\n<th><span style=\"color: #000000;\">\u00bfC\u00d3MO SE TOMA?<\/span><\/th>\n<th><span style=\"color: #000000;\">\u00bfCU\u00c1NTAS VECES?<\/span><\/th>\n<th><span style=\"color: #000000;\">\u00bfCU\u00c1NDO SE TOMA?<\/span><\/th>\n<th><span style=\"color: #000000;\">USOS<\/span><\/th>\n<\/tr>\n<tr>\n<td style=\"text-align: center;\">Hidrataci\u00f3n acusada, calambres<\/td>\n<td style=\"text-align: center;\">\u00a040 gr. (4 cacitos dosificadores) mezclar con 500 ml. de agua<\/td>\n<td style=\"text-align: center;\">\u00a0Tomar varias veces al d\u00eda<\/td>\n<td style=\"text-align: center;\">Antes, durante y despu\u00e9s de la actividad f\u00edsica<\/td>\n<td style=\"text-align: center;\">Contribuye a reponer las p\u00e9rdidas de sales minerales<\/td>\n<\/tr>\n<\/tbody>\n<\/table>\n<p>&nbsp;<\/p>\n<p style=\"text-align: justify;\"><span style=\"color: #000000;\"><b>Sales Minerales<\/b><\/span><\/p>\n<p style=\"text-align: justify;\"><span style=\"color: #000000;\"><strong>Vitaldrink\u00ae <\/strong><\/span>de <span style=\"color: #ff6600;\"><strong>Infisport<\/strong><strong>\u00a0<\/strong><\/span>contiene una formulaci\u00f3n \u00fanica de carbohidratos de distintas longitudes de cadena para proporcionar energ\u00eda de forma instant\u00e1nea y sostenida durante el ejercicio f\u00edsico, reponiendo a la vez las sales minerales perdidas por la sudoraci\u00f3n.<\/p>\n","protected":false},"featured_media":113,"comment_status":"open","ping_status":"closed","template":"","meta":[],"class_list":{"0":"post-109","1":"product","2":"type-product","3":"status-publish","4":"has-post-thumbnail","6":"product_cat-bebida-isotonica","7":"product_cat-endurance","8":"product_cat-hidratacion","9":"product_cat-sales-minerales","10":"product_tag-infisport","12":"entry","13":"has-media","15":"first","16":"outofstock","17":"shipping-taxable","18":"product-type-variable","19":"has-default-attributes","20":"has-product-nav","21":"col","22":"span_1_of_3","23":"owp-content-center","24":"owp-thumbs-layout-horizontal","25":"owp-btn-normal","26":"owp-tabs-layout-horizontal","27":"has-no-thumbnails"},"_links":{"self":[{"href":"https:\/\/nuevo.livenutrition.es\/index.php?rest_route=\/wp\/v2\/product\/109","targetHints":{"allow":["GET"]}}],"collection":[{"href":"https:\/\/nuevo.livenutrition.es\/index.php?rest_route=\/wp\/v2\/product"}],"about":[{"href":"https:\/\/nuevo.livenutrition.es\/index.php?rest_route=\/wp\/v2\/types\/product"}],"replies":[{"embeddable":true,"href":"https:\/\/nuevo.livenutrition.es\/index.php?rest_route=%2Fwp%2Fv2%2Fcomments&post=109"}],"wp:featuredmedia":[{"embeddable":true,"href":"https:\/\/nuevo.livenutrition.es\/index.php?rest_route=\/wp\/v2\/media\/113"}],"wp:attachment":[{"href":"https:\/\/nuevo.livenutrition.es\/index.php?rest_route=%2Fwp%2Fv2%2Fmedia&parent=109"}],"curies":[{"name":"wp","href":"https:\/\/api.w.org\/{rel}","templated":true}]}}